{"id":2528,"date":"2022-05-04T22:00:00","date_gmt":"2022-05-04T22:00:00","guid":{"rendered":"http:\/\/relaunch2025.zeitenspiegel.de\/projekte\/verhaengnisvolles-verbot\/"},"modified":"2025-12-14T18:46:29","modified_gmt":"2025-12-14T18:46:29","slug":"verhaengnisvolles-verbot","status":"publish","type":"projekte","link":"https:\/\/www.zeitenspiegel.de\/en\/projekte\/verhaengnisvolles-verbot\/","title":{"rendered":"Fatal Ban"},"content":{"rendered":"<p>Author <a href=\"\/en\/team\/markus-wanzeck\/\">Markus Wanzeck<\/a><br>Published in \u201eDie Zeit\u201c on May 5, 2022<\/p>\n\n\n\n<p>After their takeover in Afghanistan, the Taliban promised that girls would be allowed to go to school until graduation. The opposite happened.<\/p>\n\n\n\n<p>Published in <a href=\"https:\/\/www.zeit.de\/2022\/19\/schulen-afghanistan-taliban-maedchen-frauen\"><em>The time<\/em> 19\/2022<\/a>.<\/p>\n\n\n\n<p><\/p>","protected":false},"excerpt":{"rendered":"<p>Autor Markus WanzeckErschienen in &#8222;Die Zeit&#8220; am 5. Mai 2022 Nach ihrer Macht\u00fcbernahme in Afghanistan versprachen die Taliban, dass M\u00e4dchen bis zum Abitur zur Schule gehen d\u00fcrfen. Es kam anders. Erschienen in Die Zeit 19\/2022.<\/p>","protected":false},"featured_media":2529,"parent":0,"menu_order":0,"template":"","meta":{"_FSMCFIC_featured_image_caption":"","_FSMCFIC_featured_image_nocaption":"","_FSMCFIC_featured_image_hide":"","footnotes":""},"tags":[12,27],"class_list":["post-2528","projekte","type-projekte","status-publish","has-post-thumbnail","hentry","tag-markus-wanzeck","tag-report"],"aioseo_notices":[],"_links":{"self":[{"href":"https:\/\/www.zeitenspiegel.de\/en\/wp-json\/wp\/v2\/projekte\/2528","targetHints":{"allow":["GET"]}}],"collection":[{"href":"https:\/\/www.zeitenspiegel.de\/en\/wp-json\/wp\/v2\/projekte"}],"about":[{"href":"https:\/\/www.zeitenspiegel.de\/en\/wp-json\/wp\/v2\/types\/projekte"}],"version-history":[{"count":2,"href":"https:\/\/www.zeitenspiegel.de\/en\/wp-json\/wp\/v2\/projekte\/2528\/revisions"}],"predecessor-version":[{"id":7061,"href":"https:\/\/www.zeitenspiegel.de\/en\/wp-json\/wp\/v2\/projekte\/2528\/revisions\/7061"}],"wp:featuredmedia":[{"embeddable":true,"href":"https:\/\/www.zeitenspiegel.de\/en\/wp-json\/wp\/v2\/media\/2529"}],"wp:attachment":[{"href":"https:\/\/www.zeitenspiegel.de\/en\/wp-json\/wp\/v2\/media?parent=2528"}],"wp:term":[{"taxonomy":"post_tag","embeddable":true,"href":"https:\/\/www.zeitenspiegel.de\/en\/wp-json\/wp\/v2\/tags?post=2528"}],"curies":[{"name":"wp","href":"https:\/\/api.w.org\/{rel}","templated":true}]}}

<p>Autor Markus WanzeckErschienen in &#8222;Die Zeit&#8220; am 5. Mai 2022 Nach ihrer Machtübernahme in Afghanistan versprachen die Taliban, dass Mädchen bis zum Abitur zur Schule gehen dürfen. Es kam anders. Erschienen in Die Zeit 19/2022.</p>
