{"id":2557,"date":"2023-09-22T22:00:00","date_gmt":"2023-09-22T22:00:00","guid":{"rendered":"http:\/\/relaunch2025.zeitenspiegel.de\/projekte\/schmutzige-spiele\/"},"modified":"2025-12-16T18:13:38","modified_gmt":"2025-12-16T18:13:38","slug":"schulferien-im-militaercamp","status":"publish","type":"projekte","link":"https:\/\/www.zeitenspiegel.de\/en\/projekte\/schulferien-im-militaercamp\/","title":{"rendered":"Summer holidays at the military camp"},"content":{"rendered":"<p>Directed, Produced, and Filmed by David Sahay<br>Released 2023, Arte Reportage, 25 min.<\/p>\n\n\n\n<p>Every year, thousands of Chinese parents send their offspring to military summer camps. Boys and girls aged six and up are meant to learn what it means to defend their homeland. What does that do to these children?<\/p>\n\n\n\n<p><a href=\"https:\/\/www.youtube.com\/watch?v=YJ_Q4Z3tzzY\" target=\"_blank\" rel=\"noopener\" title=\"\">To the video \u00bb<\/a><\/p>\n\n\n\n<p>&nbsp;<\/p>\n\n\n\n<p><\/p>","protected":false},"excerpt":{"rendered":"<p>Regie, Produktion und Kamera: David SahayErschienen 2023, Arte Reportage, 25 Min. Jedes Jahr schicken tausende chinesische Eltern ihren Nachwuchs in milit\u00e4rische Ferienlager. Jungen und M\u00e4dchen ab sechs Jahren sollen lernen, was es hei\u00dft, ihr Vaterland zu verteidigen. Was macht das mit diesen Kindern? Zum Video \u00bb &nbsp;<\/p>","protected":false},"featured_media":7086,"parent":0,"menu_order":0,"template":"","meta":{"_FSMCFIC_featured_image_caption":"","_FSMCFIC_featured_image_nocaption":"","_FSMCFIC_featured_image_hide":"","footnotes":""},"tags":[30,9],"class_list":["post-2557","projekte","type-projekte","status-publish","has-post-thumbnail","hentry","tag-david-sahay","tag-reportage"],"aioseo_notices":[],"_links":{"self":[{"href":"https:\/\/www.zeitenspiegel.de\/en\/wp-json\/wp\/v2\/projekte\/2557","targetHints":{"allow":["GET"]}}],"collection":[{"href":"https:\/\/www.zeitenspiegel.de\/en\/wp-json\/wp\/v2\/projekte"}],"about":[{"href":"https:\/\/www.zeitenspiegel.de\/en\/wp-json\/wp\/v2\/types\/projekte"}],"version-history":[{"count":2,"href":"https:\/\/www.zeitenspiegel.de\/en\/wp-json\/wp\/v2\/projekte\/2557\/revisions"}],"predecessor-version":[{"id":7255,"href":"https:\/\/www.zeitenspiegel.de\/en\/wp-json\/wp\/v2\/projekte\/2557\/revisions\/7255"}],"wp:featuredmedia":[{"embeddable":true,"href":"https:\/\/www.zeitenspiegel.de\/en\/wp-json\/wp\/v2\/media\/7086"}],"wp:attachment":[{"href":"https:\/\/www.zeitenspiegel.de\/en\/wp-json\/wp\/v2\/media?parent=2557"}],"wp:term":[{"taxonomy":"post_tag","embeddable":true,"href":"https:\/\/www.zeitenspiegel.de\/en\/wp-json\/wp\/v2\/tags?post=2557"}],"curies":[{"name":"wp","href":"https:\/\/api.w.org\/{rel}","templated":true}]}}

<p>Regie, Produktion und Kamera: David SahayErschienen 2023, Arte Reportage, 25 Min. Jedes Jahr schicken tausende chinesische Eltern ihren Nachwuchs in militärische Ferienlager. Jungen und Mädchen ab sechs Jahren sollen lernen, was es heißt, ihr Vaterland zu verteidigen. Was macht das mit diesen Kindern? Zum Video » &nbsp;</p>
