{"id":2583,"date":"2021-01-27T22:00:00","date_gmt":"2021-01-27T22:00:00","guid":{"rendered":"http:\/\/relaunch2025.zeitenspiegel.de\/projekte\/zeit-fuer-naechstenhilfe\/"},"modified":"2025-12-17T13:11:01","modified_gmt":"2025-12-17T13:11:01","slug":"zeit-fuer-naechstenhilfe","status":"publish","type":"projekte","link":"https:\/\/www.zeitenspiegel.de\/en\/projekte\/zeit-fuer-naechstenhilfe\/","title":{"rendered":"Time for mutual aid"},"content":{"rendered":"<p>Author <a href=\"\/en\/team\/ingrid-eissele\/\">Ingrid Eiss\u00e8le<\/a><br>Published in \u201eStern\u201c 5\/2021<\/p>\n\n\n\n<p>Outpatient elderly care is groaning under staff shortages and cost pressure. Zeitenspiegel reporter Ingrid Ei\u00dfele was there for the <em>Stern<\/em> On the go with people who no longer want to put up with it. Their concept: No boss. No office. More time for people.<\/p>\n\n\n\n<p>The article is also on <a href=\"https:\/\/www.stern.de\/gesellschaft\/-nachbarschaftspflege----dieses-konzept-aus-den-niederlanden-koennte-die-pflege-revolutionieren-30353486.html\" target=\"_blank\" rel=\"noopener\" title=\"\"><em>Stern.de<\/em><\/a> appeared.<\/p>\n\n\n\n<p><\/p>\n\n\n\n<p><a class=\"publication-link\" href=\"\/en\/publikationen\/zeit-fuer-naechstenhilfe\/\">For Publication \u00bb<\/a><\/p>","protected":false},"excerpt":{"rendered":"<p>Autorin Ingrid Ei\u00dfeleErschienen in &#8222;Stern&#8220; 5\/2021 Die ambulante Altenpflege \u00e4chzt unter Personalmangel und Kostendruck. Zeitenspiegel-Reporterin Ingrid Ei\u00dfele war f\u00fcr den Stern unterwegs mit Menschen, die sich nicht l\u00e4nger damit abfinden wollen. Ihr Konzept: Kein Chef. Kein B\u00fcro. Mehr Zeit f\u00fcr die Menschen. Der Artikel ist auch auf Stern.de erschienen. Zur Publikation \u00bb<\/p>","protected":false},"featured_media":0,"parent":0,"menu_order":0,"template":"","meta":{"_FSMCFIC_featured_image_caption":"","_FSMCFIC_featured_image_nocaption":"","_FSMCFIC_featured_image_hide":"","footnotes":""},"tags":[10,9],"class_list":["post-2583","projekte","type-projekte","status-publish","hentry","tag-ingrid-eissele","tag-reportage"],"aioseo_notices":[],"_links":{"self":[{"href":"https:\/\/www.zeitenspiegel.de\/en\/wp-json\/wp\/v2\/projekte\/2583","targetHints":{"allow":["GET"]}}],"collection":[{"href":"https:\/\/www.zeitenspiegel.de\/en\/wp-json\/wp\/v2\/projekte"}],"about":[{"href":"https:\/\/www.zeitenspiegel.de\/en\/wp-json\/wp\/v2\/types\/projekte"}],"version-history":[{"count":5,"href":"https:\/\/www.zeitenspiegel.de\/en\/wp-json\/wp\/v2\/projekte\/2583\/revisions"}],"predecessor-version":[{"id":7390,"href":"https:\/\/www.zeitenspiegel.de\/en\/wp-json\/wp\/v2\/projekte\/2583\/revisions\/7390"}],"wp:attachment":[{"href":"https:\/\/www.zeitenspiegel.de\/en\/wp-json\/wp\/v2\/media?parent=2583"}],"wp:term":[{"taxonomy":"post_tag","embeddable":true,"href":"https:\/\/www.zeitenspiegel.de\/en\/wp-json\/wp\/v2\/tags?post=2583"}],"curies":[{"name":"wp","href":"https:\/\/api.w.org\/{rel}","templated":true}]}}

<p>Author <a href="/en/team/ingrid-eissele/">Ingrid Eissèle</a><br>Published in „Stern“ 5/2021</p>



<p>Outpatient elderly care is groaning under staff shortages and cost pressure. Zeitenspiegel reporter Ingrid Eißele was there for the <em>Stern</em> On the go with people who no longer want to put up with it. Their concept: No boss. No office. More time for people.</p>



<p>The article is also on <a href="https://www.stern.de/gesellschaft/-nachbarschaftspflege----dieses-konzept-aus-den-niederlanden-koennte-die-pflege-revolutionieren-30353486.html" target="_blank" rel="noopener" title=""><em>Stern.de</em></a> appeared.</p>



<p></p>



<p><a class="publication-link" href="/en/publikationen/zeit-fuer-naechstenhilfe/">For Publication »</a></p>

<p>Autorin Ingrid EißeleErschienen in &#8222;Stern&#8220; 5/2021 Die ambulante Altenpflege ächzt unter Personalmangel und Kostendruck. Zeitenspiegel-Reporterin Ingrid Eißele war für den Stern unterwegs mit Menschen, die sich nicht länger damit abfinden wollen. Ihr Konzept: Kein Chef. Kein Büro. Mehr Zeit für die Menschen. Der Artikel ist auch auf Stern.de erschienen. Zur Publikation »</p>
