{"id":2724,"date":"2018-10-14T22:00:00","date_gmt":"2018-10-14T22:00:00","guid":{"rendered":"http:\/\/relaunch2025.zeitenspiegel.de\/projekte\/der-schlafende-riese\/"},"modified":"2025-12-17T21:57:38","modified_gmt":"2025-12-17T21:57:38","slug":"der-schlafende-riese","status":"publish","type":"projekte","link":"https:\/\/www.zeitenspiegel.de\/en\/projekte\/der-schlafende-riese\/","title":{"rendered":"The sleeping giant"},"content":{"rendered":"<p>Author <a href=\"\/en\/team\/uschi-entenmann\/\">Uschi Entenmann<\/a><br>Published in \u201eMut - Magazine for Solutions\u201c #3, October 2018<\/p>\n\n\n\n<p>For centuries, Africa was plundered by Europe. Meanwhile, the \u201eblack\u201c continent is remembering its strengths. Andreas Eckert, Professor of African History, shows which support is sensible \u2013 and what we should keep our hands off.<\/p>\n\n\n\n<p><a href=\"\/en\/publikationen\/der-schlafende-riese\/\" title=\"\">For Publication \u00bb<\/a><\/p>","protected":false},"excerpt":{"rendered":"<p>Autorin Uschi EntenmannErschienen in \u201eMut \u2013 Magazin f\u00fcr L\u00f6sungen\u201c #3, Oktober 2018 Jahrhundertelang wurde Afrika von Europa ausgepl\u00fcndert. Inzwischen besinnt sich der \u201eschwarze\u201c Kontinent auf seine St\u00e4rken. Andreas Eckert, Professor f\u00fcr Geschichte Afrikas, zeigt, welche Unterst\u00fctzung sinnvoll ist &#8211; und wovon wir die Finger lassen sollten. Zur Publikation \u00bb<\/p>","protected":false},"featured_media":2725,"parent":0,"menu_order":0,"template":"","meta":{"_FSMCFIC_featured_image_caption":"","_FSMCFIC_featured_image_nocaption":"","_FSMCFIC_featured_image_hide":"","footnotes":""},"tags":[22,39],"class_list":["post-2724","projekte","type-projekte","status-publish","has-post-thumbnail","hentry","tag-portraet","tag-uschi-entenmann"],"aioseo_notices":[],"_links":{"self":[{"href":"https:\/\/www.zeitenspiegel.de\/en\/wp-json\/wp\/v2\/projekte\/2724","targetHints":{"allow":["GET"]}}],"collection":[{"href":"https:\/\/www.zeitenspiegel.de\/en\/wp-json\/wp\/v2\/projekte"}],"about":[{"href":"https:\/\/www.zeitenspiegel.de\/en\/wp-json\/wp\/v2\/types\/projekte"}],"version-history":[{"count":3,"href":"https:\/\/www.zeitenspiegel.de\/en\/wp-json\/wp\/v2\/projekte\/2724\/revisions"}],"predecessor-version":[{"id":7413,"href":"https:\/\/www.zeitenspiegel.de\/en\/wp-json\/wp\/v2\/projekte\/2724\/revisions\/7413"}],"wp:featuredmedia":[{"embeddable":true,"href":"https:\/\/www.zeitenspiegel.de\/en\/wp-json\/wp\/v2\/media\/2725"}],"wp:attachment":[{"href":"https:\/\/www.zeitenspiegel.de\/en\/wp-json\/wp\/v2\/media?parent=2724"}],"wp:term":[{"taxonomy":"post_tag","embeddable":true,"href":"https:\/\/www.zeitenspiegel.de\/en\/wp-json\/wp\/v2\/tags?post=2724"}],"curies":[{"name":"wp","href":"https:\/\/api.w.org\/{rel}","templated":true}]}}

<p>Autorin Uschi EntenmannErschienen in „Mut – Magazin für Lösungen“ #3, Oktober 2018 Jahrhundertelang wurde Afrika von Europa ausgeplündert. Inzwischen besinnt sich der „schwarze“ Kontinent auf seine Stärken. Andreas Eckert, Professor für Geschichte Afrikas, zeigt, welche Unterstützung sinnvoll ist &#8211; und wovon wir die Finger lassen sollten. Zur Publikation »</p>
