{"id":2909,"date":"2013-07-07T22:00:00","date_gmt":"2013-07-07T22:00:00","guid":{"rendered":"http:\/\/relaunch2025.zeitenspiegel.de\/projekte\/wie-wir-dem-asphaltdschungel-entkamen\/"},"modified":"2013-07-07T22:00:00","modified_gmt":"2013-07-07T22:00:00","slug":"wie-wir-dem-asphaltdschungel-entkamen","status":"publish","type":"projekte","link":"https:\/\/www.zeitenspiegel.de\/en\/projekte\/wie-wir-dem-asphaltdschungel-entkamen\/","title":{"rendered":"How we escaped the concrete jungle"},"content":{"rendered":"<p>Author <a href=\"\/en\/team\/jan-ruebel\/\">Jan R\u00fcbel<\/a><br \/>Published in \u201eFrankfurter Allgemeine Zeitung,\u201c 07.04.2013<\/p>\n<p>Finally out, to experience nature up close \u2013 city dwellers are already thinking about a tent in the countryside. A front-line report<\/p>","protected":false},"excerpt":{"rendered":"<p>Autor Jan R\u00fcbelErschienen in &#8222;Frankfurter Allgemeine Zeitung&#8220;, 04.07.2013 Endlich raus, Natur hautnah erleben \u2013 Gro\u00dfst\u00e4dter denken schon mal an ein Zelt im Gr\u00fcnen. Ein Frontbericht<\/p>","protected":false},"featured_media":0,"parent":0,"menu_order":0,"template":"","meta":{"_FSMCFIC_featured_image_caption":"","_FSMCFIC_featured_image_nocaption":"","_FSMCFIC_featured_image_hide":"","footnotes":""},"tags":[14,9],"class_list":["post-2909","projekte","type-projekte","status-publish","hentry","tag-jan-ruebel","tag-reportage"],"aioseo_notices":[],"_links":{"self":[{"href":"https:\/\/www.zeitenspiegel.de\/en\/wp-json\/wp\/v2\/projekte\/2909","targetHints":{"allow":["GET"]}}],"collection":[{"href":"https:\/\/www.zeitenspiegel.de\/en\/wp-json\/wp\/v2\/projekte"}],"about":[{"href":"https:\/\/www.zeitenspiegel.de\/en\/wp-json\/wp\/v2\/types\/projekte"}],"version-history":[{"count":0,"href":"https:\/\/www.zeitenspiegel.de\/en\/wp-json\/wp\/v2\/projekte\/2909\/revisions"}],"wp:attachment":[{"href":"https:\/\/www.zeitenspiegel.de\/en\/wp-json\/wp\/v2\/media?parent=2909"}],"wp:term":[{"taxonomy":"post_tag","embeddable":true,"href":"https:\/\/www.zeitenspiegel.de\/en\/wp-json\/wp\/v2\/tags?post=2909"}],"curies":[{"name":"wp","href":"https:\/\/api.w.org\/{rel}","templated":true}]}}

<p>Author <a href="/en/team/jan-ruebel/">Jan Rübel</a><br />Published in „Frankfurter Allgemeine Zeitung,“ 07.04.2013</p>
<p>Finally out, to experience nature up close – city dwellers are already thinking about a tent in the countryside. A front-line report</p>

<p>Autor Jan RübelErschienen in &#8222;Frankfurter Allgemeine Zeitung&#8220;, 04.07.2013 Endlich raus, Natur hautnah erleben – Großstädter denken schon mal an ein Zelt im Grünen. Ein Frontbericht</p>
