{"id":2927,"date":"2012-12-09T22:00:00","date_gmt":"2012-12-09T22:00:00","guid":{"rendered":"http:\/\/relaunch2025.zeitenspiegel.de\/projekte\/der-mensch-beginnt-beim-lehrstuhlinhaber\/"},"modified":"2012-12-09T22:00:00","modified_gmt":"2012-12-09T22:00:00","slug":"der-mensch-beginnt-beim-lehrstuhlinhaber","status":"publish","type":"projekte","link":"https:\/\/www.zeitenspiegel.de\/en\/projekte\/der-mensch-beginnt-beim-lehrstuhlinhaber\/","title":{"rendered":"Man begins with the professor."},"content":{"rendered":"<p>Author <a href=\"\/en\/team\/jan-ruebel\/\">Jan R\u00fcbel<\/a><br \/>Published in \u201eFrankfurter Allgemeine Zeitung\u201c, 12\/05\/12<\/p>\n<p>Once upon a time, there was a higher education reform: In 2002, the red-green federal government introduced fixed-term contract rules for academia. Originally well-intentioned, this drastic change is now proving to be a German disaster.<\/p>\n<p\/>","protected":false},"excerpt":{"rendered":"<p>Autor Jan R\u00fcbelErschienen in &#8222;Frankfurter Allgemeine Zeitung&#8220;, 05.12.12 Es war einmal eine Hochschulreform: Im Jahr 2002 f\u00fchrte die rot-gr\u00fcne Bundesregierung Befristungsregeln f\u00fcr die Wissenschaft ein. Urspr\u00fcnglich gut gemeint, erweist sich dieser tiefe Einschnitt nun als deutsches Desaster<\/p>","protected":false},"featured_media":0,"parent":0,"menu_order":0,"template":"","meta":{"_FSMCFIC_featured_image_caption":"","_FSMCFIC_featured_image_nocaption":"","_FSMCFIC_featured_image_hide":"","footnotes":""},"tags":[14,9],"class_list":["post-2927","projekte","type-projekte","status-publish","hentry","tag-jan-ruebel","tag-reportage"],"aioseo_notices":[],"_links":{"self":[{"href":"https:\/\/www.zeitenspiegel.de\/en\/wp-json\/wp\/v2\/projekte\/2927","targetHints":{"allow":["GET"]}}],"collection":[{"href":"https:\/\/www.zeitenspiegel.de\/en\/wp-json\/wp\/v2\/projekte"}],"about":[{"href":"https:\/\/www.zeitenspiegel.de\/en\/wp-json\/wp\/v2\/types\/projekte"}],"version-history":[{"count":0,"href":"https:\/\/www.zeitenspiegel.de\/en\/wp-json\/wp\/v2\/projekte\/2927\/revisions"}],"wp:attachment":[{"href":"https:\/\/www.zeitenspiegel.de\/en\/wp-json\/wp\/v2\/media?parent=2927"}],"wp:term":[{"taxonomy":"post_tag","embeddable":true,"href":"https:\/\/www.zeitenspiegel.de\/en\/wp-json\/wp\/v2\/tags?post=2927"}],"curies":[{"name":"wp","href":"https:\/\/api.w.org\/{rel}","templated":true}]}}

<p>Author <a href="/en/team/jan-ruebel/">Jan Rübel</a><br />Published in „Frankfurter Allgemeine Zeitung“, 12/05/12</p>
<p>Once upon a time, there was a higher education reform: In 2002, the red-green federal government introduced fixed-term contract rules for academia. Originally well-intentioned, this drastic change is now proving to be a German disaster.</p>
<p/>

<p>Autor Jan RübelErschienen in &#8222;Frankfurter Allgemeine Zeitung&#8220;, 05.12.12 Es war einmal eine Hochschulreform: Im Jahr 2002 führte die rot-grüne Bundesregierung Befristungsregeln für die Wissenschaft ein. Ursprünglich gut gemeint, erweist sich dieser tiefe Einschnitt nun als deutsches Desaster</p>
