{"id":3027,"date":"2011-05-29T22:00:00","date_gmt":"2011-05-29T22:00:00","guid":{"rendered":"http:\/\/relaunch2025.zeitenspiegel.de\/projekte\/der-papst-der-muslime\/"},"modified":"2011-05-29T22:00:00","modified_gmt":"2011-05-29T22:00:00","slug":"der-papst-der-muslime","status":"publish","type":"projekte","link":"https:\/\/www.zeitenspiegel.de\/en\/projekte\/der-papst-der-muslime\/","title":{"rendered":"The Pope of Muslims"},"content":{"rendered":"<p>Author <a href=\"\/en\/team\/jan-ruebel\/\">Jan R\u00fcbel<\/a><br \/>Published in \u201eCicero,\u201c May 2011<\/p>\n<p>32 years ago, Musa al-Sadr disappeared in Libya. Did Gaddafi have him killed, or is he still alive in one of his secret prisons? The famous Shiite leader could decisively change the new political map of the Middle East.<\/p>\n<p\/>","protected":false},"excerpt":{"rendered":"<p>Autor Jan R\u00fcbelErschienen in &#8222;Cicero&#8220;, Mai 2011 Vor 32 Jahren verschwand Musa as-Sadr in Libyen. Hat ihn Gaddafi t\u00f6ten lassen, oder lebt er doch noch in einem seiner Geheimgef\u00e4ngnisse? Der ber\u00fchmte Schiitenf\u00fchrer k\u00f6nnte die neue politische Landkarte des Nahen Ostens entscheidend ver\u00e4ndern.<\/p>","protected":false},"featured_media":0,"parent":0,"menu_order":0,"template":"","meta":{"_FSMCFIC_featured_image_caption":"","_FSMCFIC_featured_image_nocaption":"","_FSMCFIC_featured_image_hide":"","footnotes":""},"tags":[14,9],"class_list":["post-3027","projekte","type-projekte","status-publish","hentry","tag-jan-ruebel","tag-reportage"],"aioseo_notices":[],"_links":{"self":[{"href":"https:\/\/www.zeitenspiegel.de\/en\/wp-json\/wp\/v2\/projekte\/3027","targetHints":{"allow":["GET"]}}],"collection":[{"href":"https:\/\/www.zeitenspiegel.de\/en\/wp-json\/wp\/v2\/projekte"}],"about":[{"href":"https:\/\/www.zeitenspiegel.de\/en\/wp-json\/wp\/v2\/types\/projekte"}],"version-history":[{"count":0,"href":"https:\/\/www.zeitenspiegel.de\/en\/wp-json\/wp\/v2\/projekte\/3027\/revisions"}],"wp:attachment":[{"href":"https:\/\/www.zeitenspiegel.de\/en\/wp-json\/wp\/v2\/media?parent=3027"}],"wp:term":[{"taxonomy":"post_tag","embeddable":true,"href":"https:\/\/www.zeitenspiegel.de\/en\/wp-json\/wp\/v2\/tags?post=3027"}],"curies":[{"name":"wp","href":"https:\/\/api.w.org\/{rel}","templated":true}]}}

<p>Author <a href="/en/team/jan-ruebel/">Jan Rübel</a><br />Published in „Cicero,“ May 2011</p>
<p>32 years ago, Musa al-Sadr disappeared in Libya. Did Gaddafi have him killed, or is he still alive in one of his secret prisons? The famous Shiite leader could decisively change the new political map of the Middle East.</p>
<p/>

<p>Autor Jan RübelErschienen in &#8222;Cicero&#8220;, Mai 2011 Vor 32 Jahren verschwand Musa as-Sadr in Libyen. Hat ihn Gaddafi töten lassen, oder lebt er doch noch in einem seiner Geheimgefängnisse? Der berühmte Schiitenführer könnte die neue politische Landkarte des Nahen Ostens entscheidend verändern.</p>
