{"id":2059,"date":"2015-11-06T08:03:00","date_gmt":"2015-11-06T08:03:00","guid":{"rendered":"http:\/\/relaunch2025.zeitenspiegel.de\/publication\/wir-holen-dich-da-raus\/"},"modified":"2025-12-16T16:01:33","modified_gmt":"2025-12-16T16:01:33","slug":"wir-holen-dich-da-raus","status":"publish","type":"publikation","link":"https:\/\/www.zeitenspiegel.de\/en\/publikation\/wir-holen-dich-da-raus\/","title":{"rendered":"\u201eWir holen dich da raus&#8220;"},"content":{"rendered":"<p>Erschienen in &#8222;Nzz am Sonntag&#8220;, 18.10.15<br \/>\nvon Text: Mathias Becker und Fotos: <a href=\"https:\/\/www.zeitenspiegel.de\/en\/team\/frank-schultze\/\">Frank Schultze<\/a><\/p>\n<p>Vor einem Jahr fiel der Islamischen Staat \u00fcber St\u00e4dte und D\u00f6rfer im Nordirak her und verschleppte Tausende von Frauen und Kindern in die Sklaverei. Ein Mann will sie wieder befreien.<\/p>\n<p><a class=\"download\" href=\"https:\/\/www.zeitenspiegel.de\/wp-content\/uploads\/2025\/07\/nzz_irak-563c6cd6326c0.pdf\" target=\"_blank\" rel=\"noopener\">PDF Download<\/a><\/p>","protected":false},"featured_media":2060,"template":"","class_list":["post-2059","publikation","type-publikation","status-publish","has-post-thumbnail","hentry"],"aioseo_notices":[],"_links":{"self":[{"href":"https:\/\/www.zeitenspiegel.de\/en\/wp-json\/wp\/v2\/publikation\/2059","targetHints":{"allow":["GET"]}}],"collection":[{"href":"https:\/\/www.zeitenspiegel.de\/en\/wp-json\/wp\/v2\/publikation"}],"about":[{"href":"https:\/\/www.zeitenspiegel.de\/en\/wp-json\/wp\/v2\/types\/publikation"}],"wp:featuredmedia":[{"embeddable":true,"href":"https:\/\/www.zeitenspiegel.de\/en\/wp-json\/wp\/v2\/media\/2060"}],"wp:attachment":[{"href":"https:\/\/www.zeitenspiegel.de\/en\/wp-json\/wp\/v2\/media?parent=2059"}],"curies":[{"name":"wp","href":"https:\/\/api.w.org\/{rel}","templated":true}]}}

<p>Erschienen in &#8222;Nzz am Sonntag&#8220;, 18.10.15<br />
von Text: Mathias Becker und Fotos: <a href="https://www.zeitenspiegel.de/en/team/frank-schultze/">Frank Schultze</a></p>
<p>Vor einem Jahr fiel der Islamischen Staat über Städte und Dörfer im Nordirak her und verschleppte Tausende von Frauen und Kindern in die Sklaverei. Ein Mann will sie wieder befreien.</p>
<p><a class="download" href="https://www.zeitenspiegel.de/wp-content/uploads/2025/07/nzz_irak-563c6cd6326c0.pdf" target="_blank" rel="noopener">PDF Download</a></p>
