{"id":2142,"date":"2013-10-01T07:47:00","date_gmt":"2013-10-01T07:47:00","guid":{"rendered":"http:\/\/relaunch2025.zeitenspiegel.de\/publication\/die-welt-ist-toll\/"},"modified":"2025-12-17T22:11:09","modified_gmt":"2025-12-17T22:11:09","slug":"die-welt-ist-toll","status":"publish","type":"publikation","link":"https:\/\/www.zeitenspiegel.de\/en\/publikation\/die-welt-ist-toll\/","title":{"rendered":"\u201eDie Welt ist toll!\u201c"},"content":{"rendered":"<p>Erschienen in &#8222;Menschen&#8220; 3\/2013<br>Text: Uschi Entenmann, Fotos: Uli Reinhardt<\/p>\n\n\n\n<p>Guildo Horn ist Schlagerbarde, Pop und Rockmusiker, TV-Talkmeister. Er engagiert sich f\u00fcr Menschen mit geistiger Behinderung und h\u00e4lt sich selbst f\u00fcr \u201enicht ganz unbehindert\u201c.<\/p>\n\n\n\n<p><a class=\"download\" href=\"https:\/\/www.zeitenspiegel.de\/wp-content\/uploads\/2025\/07\/ue_guildohorn_menschen-523869f3aca31.pdf\" target=\"_blank\" rel=\"noopener\">PDF Download \u00bb<\/a><\/p>","protected":false},"featured_media":2143,"template":"","class_list":["post-2142","publikation","type-publikation","status-publish","has-post-thumbnail","hentry"],"aioseo_notices":[],"_links":{"self":[{"href":"https:\/\/www.zeitenspiegel.de\/en\/wp-json\/wp\/v2\/publikation\/2142","targetHints":{"allow":["GET"]}}],"collection":[{"href":"https:\/\/www.zeitenspiegel.de\/en\/wp-json\/wp\/v2\/publikation"}],"about":[{"href":"https:\/\/www.zeitenspiegel.de\/en\/wp-json\/wp\/v2\/types\/publikation"}],"wp:featuredmedia":[{"embeddable":true,"href":"https:\/\/www.zeitenspiegel.de\/en\/wp-json\/wp\/v2\/media\/2143"}],"wp:attachment":[{"href":"https:\/\/www.zeitenspiegel.de\/en\/wp-json\/wp\/v2\/media?parent=2142"}],"curies":[{"name":"wp","href":"https:\/\/api.w.org\/{rel}","templated":true}]}}

<p>Erschienen in &#8222;Menschen&#8220; 3/2013<br>Text: Uschi Entenmann, Fotos: Uli Reinhardt</p>



<p>Guildo Horn ist Schlagerbarde, Pop und Rockmusiker, TV-Talkmeister. Er engagiert sich für Menschen mit geistiger Behinderung und hält sich selbst für „nicht ganz unbehindert“.</p>



<p><a class="download" href="https://www.zeitenspiegel.de/wp-content/uploads/2025/07/ue_guildohorn_menschen-523869f3aca31.pdf" target="_blank" rel="noopener">PDF Download »</a></p>
