{"id":2267,"date":"2012-04-01T11:24:00","date_gmt":"2012-04-01T11:24:00","guid":{"rendered":"http:\/\/relaunch2025.zeitenspiegel.de\/publication\/schatten-des-krieges\/"},"modified":"2012-04-01T11:24:00","modified_gmt":"2012-04-01T11:24:00","slug":"schatten-des-krieges","status":"publish","type":"publikation","link":"https:\/\/www.zeitenspiegel.de\/en\/publikation\/schatten-des-krieges\/","title":{"rendered":"Schatten des Krieges"},"content":{"rendered":"<p>Erschienen in &#8222;Wiener Zeitung Extra&#8220;, 8.\/9. Oktober 2011<br \/>Text and photos: Carsten Stormer<\/p>\n<p>Auch mehr als drei\u00dfig Jahre nach dem Terror der Roten Khmer ist Gewalt in Kambodscha allgegenw\u00e4rtig: Besonders Attentate mit Batteries\u00e4ure richten verheerende Sch\u00e4den an.<\/p>\n<p><a class=\"download\" target=\"_blank\" href=\"https:\/\/www.zeitenspiegel.de\/wp-content\/uploads\/2025\/07\/cs_schatten_wiez-1320059463.pdf\">PDF Download<\/a><\/p>","protected":false},"featured_media":2268,"template":"","class_list":["post-2267","publikation","type-publikation","status-publish","has-post-thumbnail","hentry"],"aioseo_notices":[],"_links":{"self":[{"href":"https:\/\/www.zeitenspiegel.de\/en\/wp-json\/wp\/v2\/publikation\/2267","targetHints":{"allow":["GET"]}}],"collection":[{"href":"https:\/\/www.zeitenspiegel.de\/en\/wp-json\/wp\/v2\/publikation"}],"about":[{"href":"https:\/\/www.zeitenspiegel.de\/en\/wp-json\/wp\/v2\/types\/publikation"}],"wp:featuredmedia":[{"embeddable":true,"href":"https:\/\/www.zeitenspiegel.de\/en\/wp-json\/wp\/v2\/media\/2268"}],"wp:attachment":[{"href":"https:\/\/www.zeitenspiegel.de\/en\/wp-json\/wp\/v2\/media?parent=2267"}],"curies":[{"name":"wp","href":"https:\/\/api.w.org\/{rel}","templated":true}]}}

<p>Erschienen in &#8222;Wiener Zeitung Extra&#8220;, 8./9. Oktober 2011<br />Text and photos: Carsten Stormer</p>
<p>Auch mehr als dreißig Jahre nach dem Terror der Roten Khmer ist Gewalt in Kambodscha allgegenwärtig: Besonders Attentate mit Batteriesäure richten verheerende Schäden an.</p>
<p><a class="download" target="_blank" href="https://www.zeitenspiegel.de/wp-content/uploads/2025/07/cs_schatten_wiez-1320059463.pdf">PDF Download</a></p>
